25) + s + 56/(-35) composite?
False
Let i(m) = -m**3 + 13*m**2 + 20*m - 82. Let j be i(14). Suppose p - 1021 = w, -3*p = 5*w + 2*p + 5075. Is w/(-4) + (-3)/j composite?
True
Suppose 0 = -2*m - m + 96. Suppose 0 = -11*c + 214 + 204. Let g = c - m. Is g a composite number?
True
Let u = 8776 - 8773. Suppose 3*l = 8*l + 240. Is u/(l/(-22774)) + 15/(-40) a composite number?
False
Suppose 3*k - 17547 = -4*u + 19507, 0 = 5*u - 5*k - 46335. Let j be (-18)/15*((-103298)/6 + 3). Suppose -4*x = -4*p - j, -5*x - p + 16573 = -u. Is x composite?
False
Let w = 12 + -4. Suppose -2677*f + 2616*f = -305. Suppose -78 = -3*a + 5*z, f*z - w = -2*a + 19. Is a a prime number?
False
Let i be ((-2)/(-6) - -1)*(-411)/(-274). Suppose 2*t = i*a + 4392, 4*a + 10978 = -0*t + 5*t. Is t a composite number?
True
Is (((-5530)/(-25))/7)/(15/(458625/10)) composite?
True
Let i(d) = 7*d**2 - 8*d - 22. Let o(k) = 22*k + 183. Let q be o(-9). Is i(q) a composite number?
True
Suppose 344*t + 7256 = 340*t. Let i = -271 - t. Is i a composite number?
False
Let n(c) = c**3 + 19*c**2 - 21*c - 13. Let f be n(-20). Suppose -f*b = b - 19600. Suppose -5*a + w = -b, -4*a = -3*w + w - 1954. Is a prime?
True
Suppose -10*p + 49 + 11 = 0. Suppose -u = u - p. Suppose -19712 = -u*h + 3199. Is h a prime number?
False
Let z be (-2642374)/(-147) + 4/(-3) + 2. Let j = -11945 + z. Is j a composite number?
True
Is (-41)/((-615)/2040687) - 2/(-10) a composite number?
True
Let k be 2*(4 - -3)*-1. Let h(p) = -9 - 22 - 2*p - 18 - 2*p. Is h(k) a composite number?
False
Let z(y) = -14 - 6 + 4*y - 30 - 58*y - 2*y**3 + 85*y + 82*y**2. Is z(37) prime?
True
Let v(r) be the first derivative of -228*r**4 - 3*r**3 - 3*r**2/2 + 19*r + 81. Is v(-3) prime?
True
Suppose 0 = f - 154864 - 198721 - 237282. Is f prime?
True
Let z = -7703 + 38665. Suppose 10 = 5*o, 8*u - 4*u = o + z. Is u a composite number?
False
Let q(y) = 98*y + 139. Let d = 210 - 199. Is q(d) prime?
True
Suppose 6*v - 2650830 - 3644676 = 0. Is v composite?
True
Suppose 5*z + 2*j - 3685665 = 0, -5*z + 3*j + 2286043 = -1399622. Is z a prime number?
False
Suppose -60*m + 62*m = -5*u + 1661957, u - 4*m = 332409. Is u a prime number?
True
Let t(g) = 637*g - 83. Is t(1) prime?
False
Suppose 0 = 42*s - 402 - 18. Is 0 - s/(30/(-8763)) prime?
False
Let c = 1155 - 1153. Let x be -82*1*(-1 - 4). Suppose m - n - x = 0, -3*m + c*n = -2*n - 1233. Is m composite?
True
Let f be ((-2)/(-8))/(5/40). Suppose -5*y + 7882 = -f*y - w, -4*w - 7885 = -3*y. Is y a composite number?
True
Let p = 55 + -45. Let r(j) = 4*j + 3*j**2 + 17*j**2 - 9 + p*j**2 + 16*j**2. Is r(-5) prime?
False
Let m(v) = -v**2 - v - 2. Let n(z) = -5*z**2 + 8*z - 2. Let j(i) = -4*m(i) - n(i). Let p be ((-42)/18)/((-2)/(-6)). Is j(p) prime?
True
Let p = 20 + -32. Is 56*(-1036)/p - 3/(-9) composite?
True
Let u = -243 + 248. Suppose 0 = -2*a + 4*r + 16706, -25074 = -3*a - u*r + 6*r. Is a composite?
True
Let q(j) be the third derivative of -j**6/10 + j**5/10 + 5*j**4/24 + 4*j**3 + 3*j**2 + 27*j. Is q(-5) a prime number?
False
Let j = 159446 + -110359. Is j composite?
True
Suppose 1238233 = -16*p + 44*p + 3*p. Is p prime?
False
Suppose 4*n = n - 4*h - 7, -5*n - 3*h + 3 = 0. Suppose n*w = 2*m - 24032, -60055 = m - 6*m - 5*w. Is m a prime number?
False
Suppose -2*i - 4*a = -704, 5*a + 2 = 22. Let n = 1415 + i. Is n a prime number?
True
Let o = 212 - 176. Is 1 - 0 - (-2358 - o) a composite number?
True
Let h = -26 - -31. Suppose h*k = 4*k + 3*d + 662, -d - 1978 = -3*k. Is k a composite number?
False
Let a(x) = 16*x - 78. Let t be a(-20). Let j = t - -559. Is j prime?
False
Let g = 994 + -630. Suppose -3*q - 1077 = 2*q - t, 5*q = 4*t - 1083. Let o = q + g. Is o composite?
False
Suppose -34 = 3*h + g, -5*g + 20 = 4*h - 8*h. Is 8/h + ((-42327)/(-15) - 2) a prime number?
True
Let l = 26885 + -16101. Suppose 12*b = 16*b - l. Suppose -5*s = -h + 5*h - 5414, -3*s = -2*h + b. Is h composite?
True
Let s(q) = q**2 + q - 1. Let u be s(1). Suppose 5*w - u = 3*k + 4, 0 = -k + w - 1. Suppose 0 = 2*y + 8, k = 2*t + 4*y - 339 - 547. Is t composite?
True
Let l(q) = -281108*q - 459. Is l(-2) a prime number?
False
Suppose 12*l - 89 = 43. Let f(p) = 13*p**2 + 16*p + 4. Is f(l) a composite number?
False
Is 254*((-308988)/(-8))/27 a prime number?
False
Suppose -6*l + 5*l = -4. Suppose -3256 = -g + 2*d - 5*d, 3*d = -l*g + 13051. Suppose g = 6*t + 391. Is t composite?
False
Let b(k) = -k + 37. Let f be b(21). Let x = -12 + f. Is (0 + (-194)/x)/(25/(-50)) a composite number?
False
Let a(h) = -h**3 + 3*h**2 + 3*h + 6. Suppose -5 - 27 = -8*n. Let m be a(n). Suppose 5*r - 4*r = -m*o + 289, 0 = -r - 1. Is o prime?
False
Let c = 335859 - 160784. Suppose 43*s - c = 18*s. Is s prime?
False
Is (-3 - (-2 - (0 - -7))) + 594089 a composite number?
True
Let t be (-6)/(((-15)/(-20))/((-36)/32)). Let n(y) = 8*y**2 + 71. Is n(t) composite?
False
Let t = -5818 + 13457. Is t prime?
True
Let o(q) = -2*q**2 + 1 + 14 - 16*q - 5 + 3*q**2. Let s be o(16). Is (-5)/s + (-4509)/(-6) a prime number?
True
Let d(p) = -16*p**3 - p**2 + 14*p + 34. Let m(v) = -3*v**3 + 3*v + 7. Let c(x) = -2*d(x) + 11*m(x). Suppose -9*w + 73 = 100. Is c(w) a prime number?
False
Suppose -5*j - 3*l = 189, 5 = -4*l + 13. Let x be (1 + 0)/(j/244140). Let q = -3397 - x. Is q composite?
True
Let l(u) = -3*u - 8. Let s be l(0). Let v be (8/(-6))/(s/12). Suppose -4*w + 662 = -v*w. Is w a prime number?
True
Let f(m) = -1 - 2 + 218*m**2 - 5*m + 0. Suppose 5*g + 487 = n + 473, -4*g = -3*n + 20. Is f(g) a prime number?
False
Let y be (-45)/((-4*5/2910)/(-6)). Is (-9)/(-72) + y/(-24) prime?
True
Let k = 370 + -207. Let h be k/(-4)*(-56 + 20). Suppose -4*v = s - 479, -3*v = 3*s - v - h. Is s a prime number?
True
Suppose -21*x + 36*x - 19*x = -286324. Is x a prime number?
False
Let v = -126128 - -216577. Is v prime?
False
Is (-11237100)/(-140) + (5 - 1/1) prime?
False
Is (-1)/(-11) + (-4237122)/(-11) a prime number?
True
Let v = -3523 - 2557. Let h = v + 8951. Suppose -6*b + 4035 + h = 0. Is b prime?
True
Suppose 0 = 2*b - 2*q - 2, 5*q = -2*b - 5. Suppose 4*y - 3813 = r + 10372, 5*r - 15 = b. Is y prime?
True
Let j(p) = -p**2 + 5*p + 6. Suppose 0 = 4*w + 4. Let y be j(w). Suppose y = -5*x - 2*d + 4255, -x + 2*d + 711 = -140. Is x a composite number?
True
Suppose 90*l + 82*l = 141*l + 647063. Is l prime?
True
Suppose -2*m + 18353 = -5*q, 4*m - 23156 - 13557 = 3*q. Let b = -4852 + m. Is b prime?
True
Let i = 656 - 2593. Let z = 3273 + i. Suppose 5*v + 3289 = 2*b, -2*v - 311 = -b + z. Is b a composite number?
False
Let v(y) = -2*y**3 - 11*y**2 - 12*y + 11. Let u = 159 - 173. Is v(u) prime?
True
Let b(a) = -321*a - 26. Suppose 3*l - 2*u = 31, -2*l = -3*l + 5*u + 32. Let r be b(l). Let o = -1102 - r. Is o prime?
True
Suppose -99 = -5*k - 19. Suppose -z - j + 3859 = 0, k = -2*j - 2*j. Is z a prime number?
True
Suppose -12 = -0*l - 4*l. Suppose -5*m - 5 = 4*p + p, -15 = 5*p. Suppose 0 = m*u - 3*i - 323, 1093 = 5*u + l*i + 254. Is u prime?
False
Let b be (-100)/(-60) + -2 + 2/(-3). Is b*44471/(-28)*4 prime?
True
Suppose 13*r - 73194 = 35135. Is r composite?
True
Let c = 9588 + -5499. Suppose 2*k = 0, z + 2*k - c = -152. Is z a prime number?
False
Let l(a) = 129*a**2 + 2*a + 3. Let q be l(-1). Suppose -13*z - 4*r + 62 = -11*z, q = 4*z + 2*r. Is z a prime number?
False
Let s(j) = -j**3 - 3*j**2 + 21*j + 58. Let x be s(-3). Is 21873 + (-13 + 6 - x) prime?
True
Let u(y) = -1118*y - 8. Let g be u(-6). Suppose -t = -3*r - g, -4*t = 10*r - 7*r - 26785. Is t a prime number?
False
Let v(b) = -64*b**3 + 3*b**2 + 3*b + 3. Let j = 227 - 229. Is v(j) prime?
True
Let g(u) = 2*u**2 - 24*u - 1. Let r = -133 - -68. Let m = -86 - r. Is g(m) a composite number?
True
Let c = -5227 - -93020. Is c a prime number?
True
Let a(j) = j**3 - 6*j**2 + j - 7. Let x be a(6). Let r(q) = -5*q**2 - q + 1. Let o(s) = 842*s**2 + 3*s + 14. Let b(f) = o(f) - 6*r(f). Is b(x) composite?
True
Suppose 5*j = -3*o, -8*o - 22 = -4*j - 6*o. Let m be 13*5/(-2 - j). Is m*(116/1)/(-4) a composite number?
True
Suppose -7*a - 320 = -2*a. Let v = a + 78. Suppose -9*p = -v*p + 1085. Is p a composite number?
True
Is (-198290)/(-4) - (7/(-14))/((-2)/6) composite?
True
Let v = 584471 + -100368. Is v a composite number?
True
Is (-13)/(-26) + (-1593974)/(-4) + -6 